common divisor of 465 and 15?
15
What is the highest common factor of 260 and 10?
10
Calculate the greatest common factor of 901 and 34.
17
Calculate the highest common divisor of 1848 and 726.
66
Calculate the highest common factor of 215 and 602.
43
Calculate the highest common factor of 70 and 315.
35
Calculate the highest common factor of 33 and 4829.
11
Calculate the greatest common divisor of 655 and 20.
5
Calculate the greatest common divisor of 25506 and 468.
234
Calculate the highest common divisor of 256 and 192.
64
Calculate the highest common divisor of 4 and 7.
1
Calculate the highest common factor of 5691 and 542.
271
What is the greatest common factor of 75 and 925?
25
Calculate the highest common divisor of 572 and 364.
52
What is the highest common divisor of 48 and 656?
16
What is the greatest common divisor of 27 and 729?
27
What is the greatest common divisor of 861 and 615?
123
What is the greatest common factor of 1488 and 465?
93
Calculate the highest common divisor of 603 and 268.
67
Calculate the greatest common divisor of 1107 and 27.
27
Calculate the highest common factor of 940 and 180.
20
What is the greatest common divisor of 22590 and 180?
90
What is the greatest common divisor of 333 and 37?
37
Calculate the greatest common divisor of 442 and 34.
34
Calculate the greatest common factor of 4697 and 231.
77
Calculate the highest common divisor of 2752 and 368.
16
Calculate the greatest common divisor of 18 and 1590.
6
Calculate the greatest common divisor of 564 and 987.
141
What is the highest common divisor of 27720 and 140?
140
Calculate the greatest common factor of 12 and 126.
6
What is the greatest common factor of 2691 and 115?
23
What is the greatest common factor of 162 and 6534?
54
What is the greatest common factor of 735 and 330?
15
What is the highest common divisor of 3570 and 294?
42
Calculate the highest common divisor of 984 and 533.
41
What is the greatest common divisor of 3015 and 225?
45
What is the highest common divisor of 784 and 1813?
49
Calculate the highest common divisor of 29640 and 57.
57
What is the greatest common factor of 249 and 664?
83
What is the highest common divisor of 357 and 21?
21
What is the highest common divisor of 16 and 272?
16
Calculate the greatest common divisor of 2074 and 697.
17
Calculate the greatest common divisor of 11 and 3.
1
Calculate the highest common divisor of 228 and 168.
12
Calculate the greatest common factor of 18 and 16.
2
What is the greatest common factor of 616 and 56?
56
Calculate the highest common factor of 36 and 63.
9
What is the highest common factor of 207 and 135?
9
Calculate the highest common divisor of 62 and 341.
31
What is the highest common factor of 15 and 54885?
15
What is the greatest common factor of 124 and 8?
4
Calculate the highest common divisor of 1008 and 24.
24
What is the highest common divisor of 17370 and 90?
90
Calculate the greatest common divisor of 6076 and 1085.
217
Calculate the greatest common divisor of 340 and 11084.
68
What is the greatest common factor of 114 and 1178?
38
What is the greatest common factor of 39 and 3?
3
Calculate the highest common divisor of 250 and 2850.
50
Calculate the highest common divisor of 24 and 2656.
8
Calculate the greatest common factor of 4 and 74.
2
What is the greatest common divisor of 212 and 4?
4
What is the highest common factor of 15 and 12?
3
Calculate the highest common divisor of 1922 and 62.
62
What is the highest common divisor of 173 and 5363?
173
What is the greatest common factor of 252 and 42?
42
What is the highest common divisor of 54 and 666?
18
Calculate the highest common divisor of 102 and 13260.
102
What is the highest common factor of 145 and 30?
5
Calculate the greatest common factor of 3 and 7.
1
Calculate the greatest common factor of 16 and 6096.
16
Calculate the greatest common divisor of 10 and 2455.
5
What is the highest common divisor of 144 and 300?
12
Calculate the greatest common divisor of 84 and 378.
42
What is the greatest common factor of 2592 and 81?
81
Calculate the greatest common divisor of 4 and 12.
4
Calculate the highest common factor of 289 and 153.
17
Calculate the greatest common factor of 1147 and 37.
37
Calculate the highest common divisor of 119 and 153.
17
Calculate the greatest common divisor of 124 and 5084.
124
What is the highest common divisor of 5 and 3005?
5
What is the highest common divisor of 78 and 208?
26
Calculate the greatest common factor of 630 and 35.
35
What is the highest common factor of 15 and 15?
15
Calculate the highest common factor of 200 and 50.
50
Calculate the highest common divisor of 172 and 8428.
172
What is the greatest common divisor of 44 and 110?
22
Calculate the greatest common divisor of 14592 and 19.
19
What is the highest common divisor of 10 and 410?
10
Calculate the highest common divisor of 7 and 49.
7
Calculate the highest common divisor of 486 and 36.
18
Calculate the greatest common factor of 12 and 156.
12
Calculate the greatest common factor of 140 and 4970.
70
Calculate the highest common factor of 1276 and 174.
58
Calculate the greatest common factor of 56 and 20.
4
Calculate the greatest common factor of 352 and 96.
32
What is the highest common divisor of 1955 and 170?
85
Calculate the greatest common divisor of 50 and 7780.
10
What is the highest common divisor of 3262 and 14?
14
Calculate the greatest common factor of 268 and 5092.
268
Calculate the highest common divisor of 527 and 544.
17
What is the highest common factor of 4000 and 125?
125
Calculate the highest common factor of 675 and 100.
25
What is the greatest common divisor of 765 and 9?
9
Calculate the highest common divisor of 99 and 132.
33
What is the greatest common factor of 31 and 6?
1
Calculate the greatest common divisor of 1715 and 420.
35
What is the greatest common factor of 80 and 16?
16
What is the greatest common divisor of 3744 and 2912?
416
Calculate the highest common divisor of 104 and 344.
8
What is the greatest common divisor of 216 and 207?
9
What is the greatest common divisor of 2392 and 1976?
104
What is the greatest common divisor of 3904 and 61?
61
What is the greatest common divisor of 78 and 3848?
26
What is the greatest common divisor of 4186 and 1638?
182
What is the greatest common factor of 17 and 5?
1
What is the greatest common divisor of 19773 and 351?
117
What is the greatest common factor of 12291 and 102?
51
Calculate the highest common factor of 56 and 232.
8
Calculate the greatest common divisor of 290 and 58.
58
What is the greatest common divisor of 6232 and 2432?
152
Calculate the greatest common divisor of 330 and 33.
33
Calculate the greatest common divisor of 117 and 1656.
9
What is the highest common divisor of 295 and 767?
59
Calculate the greatest common factor of 28 and 1330.
14
What is the highest common divisor of 15 and 555?
15
What is the highest common factor of 492 and 18?
6
What is the greatest common factor of 28093 and 26?
13
What is the highest common divisor of 11 and 1298?
11
Calculate the greatest common divisor of 110 and 176.
22
What is the greatest common divisor of 40 and 3530?
10
Calculate the greatest common factor of 161 and 4439.
23
What is the highest common factor of 29 and 8381?
29
Calculate the highest common divisor of 162 and 4464.
18
Calculate the highest common divisor of 9963 and 41.
41
Calculate the highest common factor of 96 and 444.
12
What is the greatest common divisor of 434 and 124?
62
Calculate the highest common factor of 560 and 480.
80
Calculate the highest common divisor of 1519 and 1457.
31
Calculate the highest common factor of 110 and 33.
11
Calculate the greatest common factor of 40 and 640.
40
What is the highest common factor of 476 and 224?
28
Calculate the highest common factor of 66 and 242.
22
What is the greatest common divisor of 87 and 377?
29
Calculate the highest common factor of 44 and 8.
4
What is the greatest common divisor of 48 and 42?
6
What is the highest common divisor of 212 and 4?
4
Calculate the greatest common divisor of 2678 and 104.
26
Calculate the greatest common divisor of 4188 and 18.
6
What is the highest common divisor of 220 and 16?
4
What is the greatest common divisor of 630 